 t = -2*p - 267. What is the highest common factor of v and p?
44
Let v = 798 - 771. Let y = 254 - 146. Calculate the greatest common divisor of y and v.
27
Let n(v) = 107*v - 915. Let o be n(13). What is the highest common divisor of 1836 and o?
68
Let k(s) = -5*s - 86. Let o be k(9). Let a be (-3 - o)*(-1)/(-2) - -1. Calculate the greatest common divisor of a and 15.
5
Let v be (-56)/(-5)*(-236)/708*90/(-4). Suppose 0 = -y + 5*f + 78, y - 4*f = -2*f + 69. Calculate the highest common divisor of v and y.
21
Let g = -174 + 326. Suppose 4*k - g = -3*y + 2*y, -3*y + 4*k = -488. Let i be (-6)/(-1) + 98/(-4)*(-92)/161. Calculate the greatest common factor of i and y.
20
Let f(y) = 6*y**3 - 10 - y**3 + 14*y - 3 - 13*y**2 - 4*y**3. Let j be f(12). Let c = 40 + 81. Calculate the highest common divisor of j and c.
11
Let a be ((-8)/5)/(14/(-35)). Suppose 0 = -x - a*x + 210. Let z(n) = 827*n + 21. Let y be z(0). Calculate the highest common divisor of y and x.
21
Let f(q) = 11*q - 55. Let g(n) = -2*n + 1. Let i(o) = 2*f(o) + 6*g(o). Let p be i(11). Calculate the highest common factor of p and 294.
6
Suppose -y - m + 23 = 0, 5*y + 79 = m + 188. Suppose 78 = 20*j - y. What is the highest common factor of 145 and j?
5
Suppose -85*h + 80*h + 1460 = 0. Let m = -271 + h. Suppose -4*d = -6 - 22. Calculate the highest common divisor of d and m.
7
Suppose -6*g + 4*g - 278 = -2*t, -3*t + 5*g = -415. Let x = t + -124. Suppose 4*h - 4*y - 7 = 5, 5*h - 9 = -y. What is the greatest common factor of h and x?
2
Let q(s) = -s**3 - 7*s**2 + 18*s + 92. Let c be q(-8). Calculate the highest common factor of c and 2118.
6
Suppose 2*p - 102 = q, 2*p = -q + 81 + 21. Suppose 5*y - 2*o - 164 = 0, 3*y + 5*o = 4*y - 19. Calculate the highest common factor of p and y.
17
Suppose -509 = -3*s - 4*k, k - 55 = 3*s - 584. Let g be 0 + 37 + (-1 - 1). Calculate the highest common factor of s and g.
35
Suppose 0 = 3*w + 21, -w + 79 = 5*s - 9. Calculate the greatest common factor of 14212 and s.
19
Let b(m) = -2*m**3 + 34*m**2 + 4*m - 50. Let t = 175 - 158. Let u be b(t). Calculate the greatest common factor of u and 54.
18
Let k(i) = 252*i + 3787. Let b be k(-9). What is the highest common factor of 527 and b?
31
Let a = 426 - 163. Let i = a + -233. Let j(r) = -r**3 + 5*r**2 - 3*r - 3. Let f be j(3). What is the greatest common factor of f and i?
6
Let s = 43 + -22. Let p be 25*98/140*(2 - -4). Calculate the greatest common factor of s and p.
21
Let x = -3914 + 9660. Calculate the greatest common factor of 34 and x.
34
Let k = 14 - 3. Let g be (12/(-5))/((-4)/60). Let p = 69 - g. Calculate the greatest common factor of k and p.
11
Let q = 10251 - 9511. Calculate the highest common divisor of 703 and q.
37
Let p = 37 + -25. Let l = p - 8. Let m(b) = -b**2 + 10*b + 2. Let a be m(10). What is the highest common divisor of a and l?
2
Let f be ((-13)/2)/(5/(-30)). Suppose -5*h + 2*r + 284 + 563 = 0, -h = -r - 170. Calculate the greatest common divisor of h and f.
13
Let m = -2226 + 2482. Calculate the highest common factor of 736 and m.
32
Suppose 2*u - 4040*w + 4045*w = 41, 2*u = 2*w + 20. What is the greatest common factor of u and 559?
13
Suppose 7*n + 7*i - 340 = 3*i, 2*n - 4*i - 92 = 0. Calculate the highest common divisor of n and 400.
16
Let n be (-156)/27 + 6 + 344/(-9). Let b = n + 35. Let p = b - -12. What is the greatest common divisor of p and 1?
1
Let a(y) be the first derivative of 1/3*y**3 + 33 + 13*y - 5/2*y**2. Let v be a(10). What is the greatest common divisor of v and 27?
9
Let n(m) be the first derivative of -m**3/3 - 7*m**2/2 + 17*m - 7. Let r be n(-10). Let b = -10 - r. What is the greatest common factor of b and 33?
3
Suppose 345*o - 349*o + 1248 = 0. Calculate the highest common divisor of o and 30.
6
Let q be (-8)/14 - (-38441)/(-91). Let z = q - -432. Calculate the highest common factor of 639 and z.
9
Suppose 16*i - 1308 = 4*i. Suppose 5*p = -u + 18 + i, 0 = -3*u - 9. Let f = -14 + p. What is the greatest common factor of 204 and f?
12
Let x(j) = j**3 + 70. Let m be x(0). Suppose 0 = -8*p + 71 + 329. What is the greatest common factor of m and p?
10
Let c(u) = -61*u + 314. Let r be c(5). Suppose 0 = 3*k + o - 175, -12*k + 11*k + 3*o + 45 = 0. What is the greatest common divisor of r and k?
3
Let w(l) = 674*l - 405. Let b be w(2). What is the greatest common factor of 82 and b?
41
Let o = 87 - -141. Suppose -2*m - 1119 = -5*h, -2*h + o = 3*m - 231. Calculate the greatest common factor of h and 45.
45
Let l(f) = -5*f + 71. Let n be l(15). Let p be (-47 + 1 - -10)*2/n. Calculate the highest common divisor of 432 and p.
18
Let a = -13029 - -13045. Calculate the greatest common factor of 2152 and a.
8
Let p = -3289 - -3439. Calculate the greatest common divisor of 950 and p.
50
Suppose 5*k + 25 = 0, 4*m - 4*k + 16 = -12. Let a be 3/9 + -1*(-4)/m. Suppose 3*n - 280 - 50 = a. What is the highest common factor of 22 and n?
22
Let j be (104/39)/((-10)/(-30)). Calculate the highest common factor of 2936 and j.
8
Let s = 6633 - 6083. Let x(o) = -21*o - 26. Let p be x(-6). Calculate the highest common factor of s and p.
50
Suppose 4*p - 277*p = 66*p - 1017. Suppose -o + 0*o + 2*i = -16, 2*i = -8. Calculate the highest common factor of o and p.
1
Suppose -y - 3*o = -285, 0 = 5*y - 5*o + 4*o - 1393. Let b = y - 270. What is the greatest common divisor of b and 261?
9
Suppose -g + 20 = -0*g. Let q(x) = x**2 - 23*x + 416. Let p be q(0). Let a = -356 + p. Calculate the highest common factor of g and a.
20
Let l be (13 + (-680)/52)/(2/(-26)) + 84. Calculate the greatest common factor of l and 5389.
17
Suppose -5*l + 441 + 109 = 0. Suppose -k = -3*q + l, -2*q - 3*k + 7*k = -60. Calculate the highest common divisor of q and 95.
19
Let x(b) = 3*b**2 - 124*b - 610. Let v be x(-8). Calculate the highest common factor of v and 567.
7
Let r be (-54)/(-36) + 9/6. Let n = 21 - -12. What is the highest common factor of r and n?
3
Let v = 54379 - 54375. Let b(i) = i**2 + i - 2*i**2 + 0*i**2 + 36 - i**3. Let a be b(0). Calculate the greatest common divisor of v and a.
4
Let r(j) = 3*j - 45. Let i = 75 - 119. Let d be i/22*((-114)/4)/3. Let a be r(d). What is the greatest common factor of a and 132?
12
Suppose 64*l - 21*l - 355424 = -15*l. Calculate the highest common factor of l and 16.
16
Suppose 2*g - 5*i - 5139 = 0, -2*i + 2049 = g - 507. Calculate the highest common divisor of g and 42.
42
Suppose 239*f = 241*f - 4. Suppose -u = f*l - 424, u = 3*u - l - 833. What is the greatest common divisor of 22 and u?
22
Let f(s) = -2*s**2 - 35*s + 113. Let n be f(-20). Let u = 41 - -37. Suppose 0 = -0*h - 3*h + u. What is the highest common factor of n and h?
13
Let l = -5328 + 5343. What is the greatest common divisor of 4965 and l?
15
Let g be (796/8)/((-3)/6 - 0). Let q = -193 - g. Suppose 15 = 3*p + 2*p. What is the greatest common factor of p and q?
3
Let k(t) = t**3 - t**2 - 42. Let p be k(0). Let d be (-1 + -14)*p/(-2 + 8). Suppose d = -14*n + 19*n. Calculate the greatest common divisor of n and 147.
21
Let r be -1 + 4 - (-57)/1. Let o(t) = t**2 + 4*t - 1. Let n = -52 + 55. Let d be o(n). Calculate the greatest common factor of d and r.
20
Let g(o) = o**2 - 7*o + 5. Let b = 138 + -127. Let p be g(b). Let m = p - 37. What is the highest common divisor of 156 and m?
12
Suppose 29 = -4*t - 5*b, 3*t + 0*t + 28 = -5*b. Let x be -11*(-12 + -3 + (1 - t)). Let y = -131 + x. What is the greatest common divisor of 16 and y?
4
Let p be 5/2*1272/15. Calculate the greatest common factor of p and 53.
53
Let w = 14160 - 13875. Calculate the greatest common factor of w and 19000.
95
Let i(s) = 10*s - 10. Let j be i(3). Suppose 6*k = 10 + 38. Suppose 5*m + k = 33. Calculate the greatest common factor of j and m.
5
Let p(y) = y**3 + 11*y**2 - 13*y - 2. Let n be p(-9). Suppose 3 = 4*g - n. Calculate the highest common divisor of g and 245.
35
Let f(y) = y**3 + 18*y**2 + 61*y - 16. Let l be f(-13). What is the highest common divisor of l and 4992?
12
Let a(x) = x**3 + 68*x**2 + 60*x - 341. Let j be a(-67). Let i = 33 - -63. What is the highest common factor of j and i?
32
Suppose 136*g = 20*g + 143028. What is the highest common divisor of 45 and g?
9
Suppose -75*w + 77*w - 92 = 0. Suppose w*k = 43*k + 51. Wh